{"id":987,"date":"2020-03-06T16:30:30","date_gmt":"2020-03-06T15:30:30","guid":{"rendered":"https:\/\/val31.fr\/?post_type=product&#038;p=987"},"modified":"2020-03-14T17:42:15","modified_gmt":"2020-03-14T16:42:15","slug":"cuissard-run","status":"publish","type":"product","link":"https:\/\/val31.fr\/index.php\/produit\/cuissard-run\/","title":{"rendered":"Cuissard Run"},"content":{"rendered":"<p>Maille en tissu compressif pour un ajustement cintr\u00e9 qui permet une adaptation parfaite pour nos sorties. L\u2019utilisation du polyur\u00e9thane \u00e9lastique apporte la l\u00e9geret\u00e9 et la transpirabilit\u00e9 n\u00e9cessaire lors de situations de chaleur.<\/p>\n<p>Lien femme : <a href=\"https:\/\/www.tactic-sport.com\/fr\/custom\/custom-running\/250-cuissard-run-femme\">https:\/\/www.tactic-sport.com\/fr\/custom\/custom-running\/250-cuissard-run-femme<\/a><\/p>\n<p>Lien Homme : <a href=\"https:\/\/www.tactic-sport.com\/fr\/custom\/custom-running\/245-cuissard-run\">https:\/\/www.tactic-sport.com\/fr\/custom\/custom-running\/245-cuissard-run<\/a><\/p>\n","protected":false},"excerpt":{"rendered":"<p>Maille en tissu compressif pour un ajustement cintr\u00e9 qui permet une adaptation parfaite pour nos sorties. L\u2019utilisation du polyur\u00e9thane \u00e9lastique apporte la l\u00e9geret\u00e9 et la transpirabilit\u00e9 n\u00e9cessaire lors de situations de chaleur. Lien femme : https:\/\/www.tactic-sport.com\/fr\/custom\/custom-running\/250-cuissard-run-femme Lien Homme : https:\/\/www.tactic-sport.com\/fr\/custom\/custom-running\/245-cuissard-run<\/p>\n","protected":false},"featured_media":993,"template":"","meta":{"spay_email":""},"product_cat":[16],"product_tag":[],"_links":{"self":[{"href":"https:\/\/val31.fr\/index.php\/wp-json\/wp\/v2\/product\/987"}],"collection":[{"href":"https:\/\/val31.fr\/index.php\/wp-json\/wp\/v2\/product"}],"about":[{"href":"https:\/\/val31.fr\/index.php\/wp-json\/wp\/v2\/types\/product"}],"wp:featuredmedia":[{"embeddable":true,"href":"https:\/\/val31.fr\/index.php\/wp-json\/wp\/v2\/media\/993"}],"wp:attachment":[{"href":"https:\/\/val31.fr\/index.php\/wp-json\/wp\/v2\/media?parent=987"}],"wp:term":[{"taxonomy":"product_cat","embeddable":true,"href":"https:\/\/val31.fr\/index.php\/wp-json\/wp\/v2\/product_cat?post=987"},{"taxonomy":"product_tag","embeddable":true,"href":"https:\/\/val31.fr\/index.php\/wp-json\/wp\/v2\/product_tag?post=987"}],"curies":[{"name":"wp","href":"https:\/\/api.w.org\/{rel}","templated":true}]}}